226. Is a prime?
False
Let y(w) = 3520*w**2 - 6*w + 85. Is y(9) composite?
False
Let x be (-8358)/(-7) + 0/1. Suppose 2*g = -x + 5774. Suppose -2*q + 3*q - g = 5*v, 0 = -5*q - 3*v + 11590. Is q a composite number?
True
Suppose 2*z + 3*l - 91883 = 0, 172*z - 175*z + 5*l = -137834. Is z a composite number?
False
Let u(p) = 215*p**3 - 17*p**2 + 39*p - 1. Let q(x) = 14*x - 108. Let z be q(8). Is u(z) a composite number?
True
Suppose 44*q + 497342 - 1889766 = 0. Is q a prime number?
False
Let t(y) = 12*y**2 - 1157*y - 98. Is t(103) a composite number?
False
Suppose -105*g = -100*g + 25. Let z(t) = 38*t**2 + 3*t + 32. Is z(g) composite?
False
Let q = 133 + -142. Let s be 13/4 + q/36. Suppose -63 = -s*a + 36. Is a composite?
True
Let b = -231 + 225. Is b/(-14) - 637130/(-203) composite?
True
Suppose 20*h = -352902 - 235878. Is -1*h/6*30/9 a composite number?
True
Suppose -6873 = -v - 5*k, -2*v - 2*v + 27444 = 4*k. Let y = 11111 - v. Is y prime?
True
Is 36131 + -24 - 0/2 a prime number?
True
Suppose -i - 29 = -4*y + 60, i + 4*y + 49 = 0. Suppose -6 = 3*u, 3*m + 5*u = -12 - 1. Is (-37)/(((-3)/i)/m) a prime number?
False
Let i be ((-24)/5)/((-12)/1230). Let u(d) = -1 - 2*d + 178*d**2 - 2 + 482*d**2 + i*d**2. Is u(-1) a composite number?
False
Let i be ((-2)/3)/((-16)/(-600)). Let j = i - -21. Is 1902/18*6/(-8)*j a prime number?
True
Let x be 1 - -6084 - (3 - 3 - 0). Suppose -4*c - 4*p = 1347 - 25687, -x = -c + 4*p. Is c a prime number?
False
Suppose -11*w = -6*w - 10. Suppose 5*q - 6648 = -w*n, -n + 3306 = -q - q. Is ((-1)/2)/((-1)/n) composite?
False
Let t(u) = -76697*u + 6. Let h be t(-1). Suppose 0 = -13*a + 2*a + h. Is a a composite number?
True
Suppose -2*m + 8 = 0, -4*u = m + 29 - 209. Let l = -47 + u. Is (-785)/(l + 1 - -1) a prime number?
False
Let o = -189967 - -362816. Is o composite?
False
Let g(o) = 3070*o + 3. Let m(a) = -9210*a - 6. Let k(z) = -7*g(z) - 2*m(z). Is k(-1) composite?
False
Let z(f) be the third derivative of 55*f**4 - 211*f**3/6 - 298*f**2. Is z(17) prime?
True
Let l(a) = -145*a**2 + 72*a**2 - 6 - 14*a**3 + 79*a**2 - a. Let x be l(-7). Let m = x - 3600. Is m prime?
False
Let c = -11 - -18. Let f(v) = -131*v - 1411. Let x be f(-11). Let d = x + c. Is d a prime number?
True
Suppose 5*f - 21453 = 3*g + 11137, -4*f + g = -26079. Is f a prime number?
True
Suppose 3*x + 2532 = 3*r + 2*r, 4*r - 2012 = -x. Let d = r - -202. Is d prime?
False
Let h be (-280)/(-8 - -1)*14/(-4). Let v be (-34140)/(-21) - 4/(-14). Let i = v - h. Is i composite?
True
Let v(f) = 719*f**2 + 184*f - 1240. Is v(7) a composite number?
False
Suppose -4*s - 32 = -2*m, -4*m + s + 29 = -2*m. Let q(d) = -d**3 + 13*d**2 + 51*d + 23. Is q(m) a prime number?
True
Let w = 188211 - 73244. Is w a composite number?
False
Let i be 1 + (-8710 - (-7 + 7)). Is -3 - (i + 2/(1 + 1)) composite?
True
Let v(b) = -b**3 + 3*b**2 + 2*b + 6. Let g be v(4). Let c be 4*129 + (6/g)/3. Suppose 6*m = m + c. Is m prime?
True
Suppose 0 = 57*p - 60*p - n + 568253, 5*p - 947115 = 5*n. Is p a composite number?
True
Let n(c) = -8*c**3 - 16*c**2 - 23*c + 12. Let g be n(-9). Suppose -4021 - g = -8*i. Is i a composite number?
False
Let l(j) = 450*j**3 + 3*j**2 - j + 5. Let o be (-3 + 6)/(1/(2/(-2))). Let n be l(o). Is n/(-25) + (-2)/(-5) composite?
True
Let j = 192 - 190. Suppose 0 = -j*g + 4378 - 824. Is g a prime number?
True
Let t(o) = 38*o**3 + 23*o**2 - 330*o + 13. Is t(24) a prime number?
True
Let x be (4/(-10))/((-1)/(-15)). Is (-21786)/x + 6 + 4 prime?
False
Let l be (-12)/6 - (0 + 0 + -9489). Suppose -3919 = 6*f - l. Let s = f + -215. Is s a composite number?
True
Let u = 2485 + -2481. Let m(o) = 1. Let s(t) = 582*t + 6. Let w(p) = -m(p) + s(p). Is w(u) a prime number?
True
Let y = -796 - -790. Is y*(9 - 7611/18) a composite number?
True
Let z = 1253711 - 496792. Is z composite?
False
Let h(z) be the first derivative of 237*z**2/2 + 5*z + 26. Let r(u) = u**3 + 3*u**2 - 10*u + 2. Let y be r(-5). Is h(y) a composite number?
False
Is (30/5 - -2476233)*(-8)/(-24) composite?
False
Let a(l) = -2*l - 22. Let m be a(-10). Is m - 15854/(-12) - 26/156 composite?
False
Suppose 0 = 32*t - 2550387 - 334925. Is t a composite number?
True
Suppose 540 = q + 4*q - 5*k, -4*k = 2*q - 198. Suppose 5*d + 3*n - q = 0, 4*d - 2*n = n + 84. Suppose -d*h = -20*h - 2863. Is h a composite number?
True
Let c(m) = -954*m + 19. Let a(f) = -1907*f + 39. Let v(k) = 4*a(k) - 9*c(k). Is v(4) a prime number?
False
Suppose -4*x = 3*w - 80, 0 = 3*w - 11 - 1. Suppose x*p - 14201 = 6*p. Is p prime?
True
Let b(q) = -3*q + 36. Let n be b(16). Let f(g) = -40*g - 4. Let m be f(n). Suppose -1906 = -3*c + m. Is c a prime number?
False
Suppose -33*w + 36*w + 6 = 0, -4*p + 3*w + 1572242 = 0. Is p prime?
True
Let j(b) = 9195*b - 26. Is j(1) composite?
True
Suppose 2*m = -2*i + 156716, -176*i - 2*m = -179*i + 235069. Is i prime?
False
Suppose 44*p - 45*p = -a + 8283, 0 = -2*a + 4*p + 16562. Is a composite?
True
Is 14 + (14 - 28) + 7153 prime?
False
Suppose 5*w - 3*s - 1 = 20, -4*s + 7 = 5*w. Let t be 3 - (w + (-25)/5). Suppose t*x = 1461 - 456. Is x a prime number?
False
Let d(i) be the first derivative of -42*i**2 + 5*i - 25. Is d(-1) prime?
True
Suppose 534738 + 635454 = 2*q - 5*v, -4*q - v + 2340362 = 0. Is q a composite number?
True
Suppose 4*j + 18825 = 5*h, 2*h - 7373 = -2*j + 139. Is h a prime number?
True
Suppose -3*h + 4*h + 14 = -3*i, h + 2*i + 10 = 0. Is -2*(40727/h - 6) a prime number?
True
Suppose -39*r + 52248421 = 15*r - 8979209. Is r a composite number?
True
Let s be 21906/(-27) + 3/(9/4). Let m = s + 1715. Is m a composite number?
True
Suppose 0 = -6236*v + 6242*v - 430446. Is v a prime number?
True
Let l(f) = 7366*f**2 + 2*f + 3. Let u be l(-2). Suppose -3*z + 2*d + u = 3*d, 4*z + 3*d = 39284. Suppose -3*g - 4*a = -7389, -3*g = g - 5*a - z. Is g composite?
False
Is ((-5274863)/66)/((-10)/(4 + 56)) composite?
False
Suppose -135 + 141 = 3*i. Suppose 0*h + 3*x + 11018 = i*h, -2*h + 11026 = -x. Is h composite?
True
Let s(q) = -q**3 - 4*q**2 + 14*q - 19. Suppose -18*h = -13*h - 105. Suppose -5*b - h = 39. Is s(b) composite?
True
Suppose 1 + 87 = 2*y. Let k = 47 - y. Suppose k*l + 37 = 154. Is l prime?
False
Let h(i) = 58*i + 2630 - 2634 + 37*i**2 + 19*i - i**3. Is h(38) a composite number?
True
Is (10/(-20))/(12/(-204216)) composite?
True
Let h(j) = 10*j**3 + 7*j**2 - 10*j + 13. Let b be h(-6). Let s = b + 3594. Is s composite?
False
Let l = 346451 + -146794. Is l composite?
False
Suppose 5*m - 25 = -0*m, -m - 1 = -w. Suppose 4*q + w + 6 = 0, 5*s + 4*q - 1843 = 0. Is s a prime number?
False
Suppose 2*v = -4*t + 1395428, 2*t - 2*v - 818364 = -120674. Is t a prime number?
False
Suppose 15*h + 210135102 = 154*h - 11411021. Is h a composite number?
False
Let t(r) = -6*r**3 - 23*r**2 + 25*r + 285. Is t(-17) a composite number?
False
Suppose 230*h - 242*h = -20316. Is h a composite number?
False
Suppose 0 = -90*f + 89*f + 5, 3*m = -2*f + 333097. Is m a prime number?
True
Is (-128)/480 - 6357/(-45) composite?
True
Suppose 9*s = -4*v + 7*s + 85488, -s = -4. Suppose 3*j - 72757 = -v. Is j a composite number?
True
Suppose 5*y - 458*q = -455*q + 203530, 3*y - 5*q - 122118 = 0. Is y a composite number?
True
Let a(z) = -2*z**3 - z**2 - z - 3. Let k be a(0). Let y be 3 - (-4)/(k/3). Is (-3 + 7/2)/(y/(-998)) a composite number?
False
Let p = 10080 + -6625. Let n = 6420 - p. Is n a composite number?
True
Let q(y) = y**3 - 7*y**2 + y + 30. Let l be q(6). Suppose l = -j + 4*c + 8765, -2*j + 5*j = 3*c + 26313. Is j a composite number?
True
Suppose -s + 3*d = -15, 4*s + 3*d = 2*s + 3. Is s - (6 + -7 - 10294) prime?
True
Let b(r) be the second derivative of r**7/840 + 2*r**6/45 + 3*r**5/20 - r**4 - 5*r**3/6 + 27*r. Let x(q) be the second derivative of b(q). Is x(-9) prime?
False
Let d(y) = -3*y**3 - 12*y**2 + 10*y - 7. Let b be -1 - -1 - 5/5*-2. Let g be 1/b + (108/(-8) - -3). Is d(g) prime?
True
Suppose 2*p + 22 = 2*y - 30, -2*y - 5*p = -38. Suppose -y = 12*d - 468. Is d prime?
True
Let s = 40 - 40. Suppose s = -4*l + l - 261. Is l/6*(1 - 15) a composite number?
True
Suppose -16*g - 145 = -11*g. Let n = -40 - g. Let x(u) = 4*u**2 + 7*u + 12. Is x(n) composite?
False
Is (32/(-32))/(((-2)/11)/(1 + 22873)) composite?
True
Is (-1379002)/(-34) +